e greatest common factor of 928 and 352.
32
What is the highest common factor of 3 and 213?
3
Calculate the greatest common divisor of 288 and 17352.
72
What is the highest common factor of 5296 and 16?
16
What is the greatest common factor of 30954 and 42?
42
What is the highest common factor of 66 and 1023?
33
What is the greatest common divisor of 25701 and 52?
13
Calculate the greatest common divisor of 429 and 39.
39
Calculate the highest common divisor of 162 and 4.
2
What is the greatest common factor of 26 and 14534?
26
Calculate the highest common factor of 426 and 71.
71
What is the greatest common divisor of 250 and 170?
10
Calculate the highest common factor of 3 and 273.
3
What is the highest common divisor of 22088 and 440?
88
Calculate the greatest common divisor of 1568 and 16.
16
What is the highest common factor of 10 and 530?
10
Calculate the highest common divisor of 2210 and 30.
10
Calculate the greatest common factor of 72 and 1908.
36
What is the highest common factor of 21 and 33?
3
Calculate the greatest common divisor of 133 and 38.
19
Calculate the greatest common divisor of 64422 and 54.
54
What is the highest common factor of 1078 and 198?
22
Calculate the greatest common divisor of 145 and 29.
29
Calculate the greatest common factor of 2375 and 171.
19
What is the greatest common divisor of 1495 and 52?
13
What is the highest common divisor of 23 and 23?
23
Calculate the highest common factor of 155 and 1488.
31
What is the greatest common divisor of 784 and 2016?
112
Calculate the highest common factor of 132 and 1408.
44
Calculate the greatest common divisor of 559 and 13.
13
Calculate the greatest common factor of 57 and 63.
3
Calculate the greatest common factor of 235 and 15.
5
Calculate the greatest common divisor of 99 and 319.
11
What is the greatest common factor of 34 and 35887?
17
What is the greatest common factor of 72 and 496?
8
Calculate the greatest common divisor of 88 and 440.
88
Calculate the highest common divisor of 1475 and 826.
59
Calculate the greatest common divisor of 43 and 44806.
43
Calculate the highest common divisor of 41 and 82.
41
What is the greatest common factor of 6 and 6?
6
What is the greatest common factor of 426 and 7526?
142
What is the highest common divisor of 66 and 1617?
33
What is the greatest common factor of 20 and 980?
20
What is the highest common divisor of 255 and 10625?
85
Calculate the greatest common divisor of 6642 and 27.
27
What is the greatest common divisor of 2407 and 116?
29
Calculate the greatest common divisor of 950 and 25.
25
Calculate the greatest common factor of 56 and 664.
8
Calculate the greatest common divisor of 7 and 3514.
7
What is the highest common factor of 3322 and 22?
22
Calculate the greatest common divisor of 231 and 21.
21
Calculate the greatest common factor of 16 and 5784.
8
Calculate the highest common factor of 432 and 48.
48
Calculate the highest common factor of 504 and 448.
56
What is the greatest common divisor of 10 and 130?
10
What is the greatest common divisor of 608 and 38?
38
Calculate the highest common factor of 284 and 1065.
71
Calculate the greatest common factor of 150 and 60.
30
Calculate the greatest common divisor of 44 and 14828.
44
What is the highest common factor of 18 and 207?
9
What is the highest common factor of 16135 and 175?
35
Calculate the greatest common divisor of 253 and 10879.
253
What is the highest common factor of 595 and 70?
35
Calculate the highest common factor of 1131 and 24.
3
What is the highest common factor of 1556 and 8?
4
What is the greatest common factor of 3 and 96?
3
What is the greatest common divisor of 3003 and 1053?
39
What is the greatest common factor of 20 and 790?
10
What is the highest common factor of 26 and 1638?
26
What is the greatest common factor of 275 and 5?
5
What is the highest common divisor of 2268 and 168?
84
Calculate the highest common factor of 551 and 76.
19
Calculate the highest common divisor of 14 and 322.
14
Calculate the greatest common divisor of 384 and 3968.
128
Calculate the greatest common factor of 4020 and 120.
60
What is the highest common factor of 85 and 17?
17
Calculate the greatest common divisor of 8148 and 97.
97
What is the highest common divisor of 6 and 277?
1
What is the highest common divisor of 16 and 21848?
8
Calculate the highest common divisor of 32 and 480.
32
Calculate the highest common divisor of 795 and 18020.
265
What is the greatest common divisor of 357 and 189?
21
Calculate the greatest common factor of 152 and 38.
38
What is the highest common factor of 390 and 39?
39
Calculate the greatest common factor of 22 and 99.
11
Calculate the greatest common factor of 221 and 68.
17
What is the highest common factor of 7912 and 184?
184
Calculate the highest common factor of 989 and 129.
43
Calculate the greatest common divisor of 8404 and 55.
11
Calculate the highest common factor of 10 and 230.
10
What is the greatest common factor of 1012 and 132?
44
What is the highest common divisor of 539 and 11?
11
Calculate the highest common divisor of 20 and 56.
4
Calculate the greatest common divisor of 32 and 248.
8
Calculate the highest common factor of 116 and 18067.
29
What is the highest common factor of 64 and 12608?
64
Calculate the highest common divisor of 320 and 360.
40
Calculate the greatest common divisor of 9280 and 145.
145
What is the greatest common factor of 8 and 536?
8
What is the highest common factor of 93 and 62?
31
What is the greatest common divisor of 5 and 335?
5
Calculate the greatest common factor of 420 and 20.
20
Calculate the greatest common factor of 9460 and 344.
172
Calculate the greatest common divisor of 63 and 1407.
21
Calculate the highest common factor of 100 and 2700.
100
Calculate the highest common divisor of 140 and 8960.
140
Calculate the highest common factor of 231 and 84.
21
What is the highest common factor of 1000 and 180?
20
What is the highest common divisor of 434 and 62?
62
What is the highest common divisor of 310 and 10?
10
What is the greatest common divisor of 12 and 768?
12
What is the highest common divisor of 238 and 51?
17
Calculate the highest common divisor of 1299 and 6.
3
Calculate the highest common divisor of 651 and 105.
21
What is the highest common factor of 6192 and 64?
16
What is the greatest common factor of 9 and 87?
3
What is the highest common factor of 65 and 169?
13
What is the highest common divisor of 18 and 549?
9
What is the highest common divisor of 2350 and 100?
50
What is the greatest common divisor of 8 and 648?
8
What is the highest common factor of 165 and 10?
5
What is the highest common factor of 189 and 270?
27
What is the greatest common divisor of 42 and 273?
21
What is the greatest common divisor of 31 and 124?
31
What is the highest common factor of 163 and 9?
1
Calculate the highest common factor of 40 and 80.
40
What is the greatest common divisor of 594 and 1386?
198
What is the greatest common divisor of 402 and 6?
6
Calculate the greatest common factor of 26 and 104.
26
Calculate the highest common factor of 56 and 476.
28
Calculate the greatest common divisor of 126 and 196.
14
Calculate the highest common factor of 48 and 584.
8
What is the greatest common divisor of 52 and 1898?
26
What is the highest common divisor of 506 and 462?
22
Calculate the greatest common factor of 65 and 12545.
65
What is the greatest common factor of 38 and 1311?
19
What is the greatest common factor of 43 and 69187?
43
Calculate the greatest common divisor of 213 and 284.
71
Calculate the highest common factor of 530 and 1378.
106
Calculate the greatest common factor of 4680 and 20.
20
Calculate the greatest common divisor of 1365 and 735.
105
Calculate the greatest common divisor of 1022 and 8906.
146
Calculate the greatest common factor of 56 and 84.
28
Calculate the highest common factor of 6232 and 1672.
152
Calculate the greatest common factor of 225 and 5.
5
What is the highest common factor of 70 and 2240?
70
Calculate the highest common divisor of 2774 and 38.
38
What is the highest common divisor of 5445 and 45?
45
Calculate the highest common divisor of 12296 and 2320.
232
Calculate the highest common divisor of 540 and 1215.
135
Wha